 a composite number?
False
Is 17462926007 composite?
False
Is 14249831909 composite?
True
Is 21240610669 composite?
False
Is 26243882471 a prime number?
False
Is 1457602127 prime?
False
Is 2954395265 prime?
False
Is 1627992629 a composite number?
False
Is 3860944981 prime?
False
Is 419347969 a composite number?
True
Is 2535105889 composite?
False
Is 687192109 composite?
True
Is 222205351 a composite number?
True
Is 3205128053 a composite number?
True
Is 261480481421 a composite number?
False
Is 2709264451 composite?
True
Is 597482701 a prime number?
True
Is 3053295559 composite?
False
Is 1226201953 prime?
True
Is 972981753 prime?
False
Is 83659729865 a prime number?
False
Is 34213985213 prime?
False
Is 950440243 a composite number?
False
Is 15111930253 prime?
False
Is 2093362591 prime?
False
Is 10430558477 composite?
True
Is 475864771 a prime number?
True
Is 88889356495 prime?
False
Is 74836331 a prime number?
True
Is 83860625311 prime?
False
Is 180350716415 composite?
True
Is 735399683 composite?
False
Is 9901543 a composite number?
False
Is 6613988993 composite?
False
Is 1772790343 a composite number?
True
Is 3282032891 composite?
True
Is 165829343 a prime number?
True
Is 1956806639 composite?
True
Is 66516199 a prime number?
True
Is 2832536327 prime?
True
Is 1427477833 prime?
True
Is 1818767897 composite?
False
Is 370681667 prime?
False
Is 40737863057 composite?
False
Is 843418529 prime?
True
Is 23347568533 composite?
True
Is 17558084837 a composite number?
False
Is 113604334661 a composite number?
True
Is 138622291 a composite number?
True
Is 3691084363 a composite number?
False
Is 5217558319 prime?
True
Is 92734392337 a composite number?
True
Is 1064952309 a composite number?
True
Is 13693992817 a prime number?
True
Is 1348087379 prime?
True
Is 342257189 prime?
True
Is 832818181 a prime number?
False
Is 45501356333 a composite number?
False
Is 13151560177 prime?
False
Is 5980106035 prime?
False
Is 89429293633 composite?
True
Is 11627153897 a prime number?
True
Is 2751747931 a prime number?
True
Is 1015331903 composite?
False
Is 37142356631 prime?
False
Is 17904067 a composite number?
False
Is 9039701597 a composite number?
True
Is 156201011 a prime number?
True
Is 3246673945 prime?
False
Is 3270374891 a composite number?
True
Is 1982063059 prime?
True
Is 5604573137 prime?
True
Is 15595071521 a prime number?
False
Is 2024380079 composite?
True
Is 4137717013 a composite number?
True
Is 115189716197 composite?
False
Is 4344935923 a composite number?
True
Is 500674019 composite?
True
Is 1811094379 composite?
True
Is 207104437 a composite number?
True
Is 9989312089 a prime number?
True
Is 2118757853 prime?
True
Is 13106951677 a composite number?
True
Is 595926403 a composite number?
True
Is 8096355151 a prime number?
True
Is 42895307393 composite?
False
Is 210312303 prime?
False
Is 10421574221 composite?
False
Is 24036567523 prime?
True
Is 2097520289 a prime number?
False
Is 1567591043 composite?
True
Is 186669563 prime?
False
Is 914401427 a prime number?
False
Is 101912440957 a prime number?
True
Is 18336032621 a composite number?
True
Is 6056848673 a composite number?
True
Is 4507355339 a composite number?
False
Is 16381052353 composite?
True
Is 70335437558 composite?
True
Is 1132815329 composite?
True
Is 153874407539 a prime number?
False
Is 26873977783 prime?
False
Is 165448051 prime?
True
Is 84533306653 a prime number?
False
Is 600379133 a composite number?
False
Is 329447967 a composite number?
True
Is 112458581 a prime number?
True
Is 698157277 a composite number?
True
Is 8084195153 prime?
False
Is 10551583673 prime?
True
Is 47834238083 a prime number?
True
Is 26107619827 a composite number?
True
Is 127787955241 a composite number?
True
Is 2804938649 prime?
False
Is 4999108523 a composite number?
False
Is 17924187091 composite?
False
Is 140612713 composite?
False
Is 19145570833 a prime number?
False
Is 2007179729 a composite number?
False
Is 7433165791 a prime number?
False
Is 7021900397 composite?
False
Is 3716816599 a prime number?
False
Is 34721495 a composite number?
True
Is 16190751191 a composite number?
False
Is 149212851933 a prime number?
False
Is 877158481 a composite number?
False
Is 7715934617 prime?
False
Is 40058356703 a prime number?
False
Is 2053550374 prime?
False
Is 983616797 composite?
False
Is 553126897 composite?
True
Is 33560785397 prime?
True
Is 302748929 composite?
True
Is 2551035119 composite?
False
Is 4230627389 composite?
False
Is 29967438689 a composite number?
True
Is 3518055187 composite?
False
Is 5537746717 prime?
True
Is 4189549249 composite?
False
Is 123381833249 a prime number?
False
Is 11918391917 composite?
True
Is 4359676507 composite?
False
Is 402437809 prime?
True
Is 52636197379 a composite number?
True
Is 313228429 a prime number?
False
Is 4461368053 a prime number?
True
Is 1006749507 a prime number?
False
Is 345415289 a composite number?
False
Is 437424769 a composite number?
True
Is 373339661 composite?
False
Is 17301228013 a composite number?
False
Is 134312567 a prime number?
False
Is 96308902967 a composite number?
False
Is 40602668671 composite?
False
Is 72928951751 a composite number?
False
Is 103302673757 composite?
False
Is 942197519 a composite number?
False
Is 2109712343 a prime number?
False
Is 71608403939 a prime number?
True
Is 8349850309 prime?
True
Is 13517216627 prime?
True
Is 3369159551 composite?
False
Is 365385375301 a prime number?
True
Is 13675058387 a prime number?
False
Is 5392136047 a composite number?
True
Is 4587483029 composite?
False
Is 403946923 a composite number?
False
Is 18579096959 a composite number?
False
Is 22680633 prime?
False
Is 37275503 prime?
True
Is 35917139143 a prime number?
False
Is 13561220183 composite?
True
Is 8651297 composite?
False
Is 186304357 a composite number?
True
Is 38293645417 prime?
True
Is 145474727 a composite number?
False
Is 17183261867 prime?
False
Is 60206100169 a composite number?
False
Is 15247916621 prime?
False
Is 45314167643 a composite number?
False
Is 10477599947 a prime number?
False
Is 29372128429 a composite number?
True
Is 144437281 composite?
False
Is 70590635529 a prime number?
False
Is 205714427 a prime number?
False
Is 1491153791 a prime number?
False
Is 42435256187 prime?
False
Is 9307887077 a prime number?
False
Is 2182434893 prime?
True
Is 6478823837 prime?
False
Is 34393987 prime?
False
Is 124670590957 a prime number?
False
Is 11580014351 a prime number?
True
Is 8747550839 composite?
False
Is 26172594661 a prime number?
False
Is 5148604207 prime?
False
Is 2499154771 a composite number?
False
Is 18582927269 prime?
True
Is 42365648279 composite?
False
Is 16614985279 a prime number?
True
Is 29936327 composite?
False
Is 1393424491 a composite number?
False
Is 10915943327 a composite number?
True
Is 283725451 a composite number?
True
Is 7808423111 a prime number?
False
Is 1757064989 prime?
True
Is 8557510633 a composite number?
True
Is 356825873 a composite number?
False
Is 49265273767 a composite number?
True
Is 46242679 prime?
False
Is 779705621 prime?
False
Is 341385953 prime?
False
Is 11038915 a composite number?
True
Is 8038285345 composite?
True
Is 775581217 a composite number?
True
Is 88232506487 a prime number?
True
Is 2035990711 a composite number?
False
Is 1680450373 prime?
False
Is 1349356837 composite?
False
Is 223984789 a composite number?
True
Is 5230286609 prime?
False
Is 2232902039 prime?
True
Is 3575310087 a prime number?
False
Is 336493613 composite?
False
Is 1888046939 a composite number?
False
Is 1358824769 composite?
False
Is 1392691343 a composite number?
False
Is 49197050951 composite?
False
Is 11849967313 a composite number?
True
Is 3109726617 a prime number?
False
Is 283037242 a composite number?
True
Is 36568544527 prime?
False
Is 43926056491 prime?
True
Is 7738106783 a prime number?
False
Is 11811515101 a prime number?
False
Is 9667940509 prime?
True
Is 3358466 a composite number?
True
Is 16519293201 prime?
False
Is 18546763117 prime?
False
Is 666811531 composite?
True
Is 6055523359 a prime number?
True
Is 885472661 a composite number?
True
Is 186873623 prime?
False
Is 11220404603 a prime number?
False
Is 4792808173 prime?
False
Is 2363670947 a composite number?
True
Is 3804315419 prime?